me factors of j?
3
Let t(l) = l**3 + 5*l**2 + 3*l + 2. List the prime factors of t(-3).
11
Suppose 5*z = 5*n - 12 - 18, 9 = -3*z. Let m(u) = u**3 - u**2. Let s be m(2). Suppose n*k - 6 = -4*w, -3*k - s*w = k - 8. What are the prime factors of k?
2
Suppose 5*h - 114 - 151 = 0. Suppose -3*b + 4*j + h = 0, 4*b - 37 = 2*b + j. What are the prime factors of b?
19
Suppose 9*w - 15*w + 354 = 0. List the prime factors of w.
59
Suppose -3*u = -12, -196 = -2*h - 0*h - 4*u. List the prime factors of h.
2, 3, 5
Suppose -428 = -34*k + 32*k. What are the prime factors of k?
2, 107
Let z be -1 + (-1 - (1 - 1)). Let b be (1/2 + -1)*z. List the prime factors of 177/15 + b/5.
2, 3
Suppose -5 = l, h + l = 17 - 1. What are the prime factors of h?
3, 7
Suppose 2*r + 4*s = r + 14, -5*r + 24 = -3*s. Suppose -2*b + r = -0. Suppose -4*u + 3*i = -33, -18 = -5*u + b*i + 24. List the prime factors of u.
3
Suppose 0 = -5*g + 4*i + 245, 33 = 3*g - 3*i - 117. What are the prime factors of g?
3, 5
Let x(r) = -r + 6. List the prime factors of x(-8).
2, 7
Let f = 32 + 20. List the prime factors of f.
2, 13
Let g = -62 + 93. List the prime factors of g.
31
Let d(t) = t**2 + 3*t + 10. Let q = 24 + -24. List the prime factors of d(q).
2, 5
Let b be (-3)/(-6)*-2 + 3. Suppose 0 = -o - b*t, 4*o + 26 = 4*t + t. Let m(f) = f**3 + 4*f**2 - 2*f - 2. What are the prime factors of m(o)?
2, 3
Let q(g) = g**3 + 8*g**2 - 9*g + 2. Let m be q(-9). Suppose -2*n + 32 = m*n. Let h(a) = -a + 10. List the prime factors of h(n).
2
Suppose 2*v = d - 0*d - 35, -d = 1. Let u be (1 - -1) + v/(-1). Let a = u + -12. What are the prime factors of a?
2
Suppose 0 = u + 2*t + 3, 5*u + 2*t + 14 = -17. Let b(h) = -2*h - 10. Let k be b(u). Suppose k*m - 15 = -m. What are the prime factors of m?
3
Suppose -16 + 144 = 8*i. List the prime factors of i.
2
Let x(k) = 5*k**3 - k**2 - k + 1. Let w be x(1). Suppose 2*u - 24 = 2*q, -6*q + q = w*u - 21. List the prime factors of u.
3
Let i = -37 - -67. Suppose -5*v = -4*y + 25 - 2, i = 5*y - 5*v. What are the prime factors of y?
7
Suppose 5*q - 193 = -73. Suppose q = -u + 3*u. Let f = u - 1. What are the prime factors of f?
11
Let i = 41 - -12. What are the prime factors of i?
53
Let j(p) = -p**3 + 4*p**2 + 2*p + 1. Let t be j(4). Suppose -2*v - 4*k + 17 = -t, -v + 4*k = -19. What are the prime factors of v?
3, 5
Let w(p) = p - 2. Let q be w(4). Suppose q = -i + 21. List the prime factors of i.
19
Suppose 0*o + 3*a - 19 = -o, 0 = -3*o - a + 41. What are the prime factors of o?
13
Let b = 4 - 13. Let n = -7 - b. Suppose -55 = -n*k - 3*k. What are the prime factors of k?
11
Let n(p) = 3*p**3 - p. Suppose -6 = -2*x + y - 4*y, 0 = 4*x - 4*y + 8. Suppose 2*t + 2*t - 8 = x. List the prime factors of n(t).
2, 11
Let s = 9 + -13. Let w be 1 - -1 - (-19 - s). Let m = -9 + w. List the prime factors of m.
2
Let c(d) = -d**2 + 8*d. Let b be c(7). Suppose -2*j + b*j - 25 = 0. Suppose -j*k - 18 = -78. What are the prime factors of k?
2, 3
Suppose c + c - 62 = 0. Let y = -4 + c. List the prime factors of y.
3
Let t(c) = -c**3 + 5*c**2 + 6*c - 8. Let b be t(6). Let n be 33/(-4) + 6/b. Let h = n + 15. What are the prime factors of h?
2, 3
Let i(k) = 3*k + 0*k + k**3 + 12*k**2 - 2 - 20*k**2. List the prime factors of i(8).
2, 11
Let d = 15 - 10. Suppose 4*g - g - 12 = -5*s, 0 = -g - d*s + 4. Let j = 3 + g. What are the prime factors of j?
7
Let x be (-4)/14 + 48/21. Suppose 3*s = x*s - 5. Let b(l) = l**2 + 2*l - 6. What are the prime factors of b(s)?
3
Let l(h) = 6*h + 14. What are the prime factors of l(26)?
2, 5, 17
Let k(f) = -f**2 - 7*f - 7. Let j be k(-5). Let v be j*(-2)/(-3 + 1). Suppose -v*a = -a - 8. List the prime factors of a.
2
Let p(z) = -z + 1. Let l be (-11 - 1)*1/2. Let o be p(l). Suppose -2*c + 13 = -o. List the prime factors of c.
2, 5
Suppose 4*w + 2*b + 8 = 0, -2*w - 3*b - 8 = -4. Let s = 45 - w. Let t = s + -27. What are the prime factors of t?
2, 5
Let f = -19 + 5. What are the prime factors of 70/22 - f/(-77)?
3
Suppose -w + 2*g - 6 = -g, 0 = -3*g + 3. Let i(t) = t**3 + 4*t**2 + 3*t + 2. List the prime factors of i(w).
2
Suppose -10 = -10*j + 5*j. Suppose 0 = -4*s + 3*s + j*a + 24, -4*s = -4*a - 80. List the prime factors of s.
2
Suppose l = 3*k + 8, l - 6*k = -k + 14. List the prime factors of (0 - (0 + 39))/l.
3, 13
Let q(x) = x**3 + 7*x**2 + 4*x. Let f be q(-6). Let k = 7 - f. Let p(z) = z**2 + 4*z - 1. List the prime factors of p(k).
2
Let o be (-187)/22 + (-2)/(-4). Let n = 14 + o. What are the prime factors of n?
2, 3
Suppose -f - 2*f - 309 = 0. Let b = -69 - f. What are the prime factors of b?
2, 17
Let z(w) = 9*w + 13. List the prime factors of z(6).
67
Let b = 4 - 0. Suppose -f + 65 = b*f. What are the prime factors of f?
13
Let j(r) = -160*r**3 - r**2 + r + 2. Let h be j(-1). Suppose -h = -4*t - 2*b, -5*b + 24 = 4*t - 124. What are the prime factors of t?
2, 3, 7
Let y = 24 + 295. What are the prime factors of y?
11, 29
Let q be 2/13 + (-2)/13. Suppose q = -2*y - 2*y + 4*u + 56, -2*y + 4*u + 28 = 0. What are the prime factors of y?
2, 7
Suppose 6*x - 2*x - 56 = 0. List the prime factors of x.
2, 7
Let t(j) = 2*j + 7. List the prime factors of t(9).
5
Suppose -3*b + 1 = -5. What are the prime factors of b*(-2 + 11) + 1?
19
Let a(n) = 2*n**2 - n - 10. Let m be a(0). Let h = 22 - m. List the prime factors of h.
2
Suppose -4*i = -5*q + 74, 5*i + 47 = 2*q + q. Suppose -5*o + 30 = -10*o. Let c = o + q. What are the prime factors of c?
2
What are the prime factors of ((-2)/(-1))/((-6)/2880*-6)?
2, 5
Let y(z) = z**3 + 3*z**2. Let k(h) = -h**3 + 4*h**2 - h + 1. Let u be k(4). Let x be y(u). What are the prime factors of 1 - x - -13 - 1?
13
Let u be 2/10 + 120/25. Let b be 1 - -1 - (-11 - u). Suppose -x + 3*j + 0*j = -16, -4*j - b = -x. What are the prime factors of x?
2, 5
Let c be 6*(3 + (-21)/9). Suppose 2*j = 5*z - 147, c*z + 0*j - 128 = -j. List the prime factors of z.
31
Let c = -9 - -14. Suppose -n - m + 8 = 0, c*m = 4*m + 5. What are the prime factors of -3 + n + -2 + 15?
13
Let w(s) = 10*s**2 + 4. Let p(t) = 5*t**2 + 2. Let j(c) = 5*p(c) - 2*w(c). List the prime factors of j(2).
2, 11
Suppose 2*j = 3*x + 17, -2*x + 0*x = -10. What are the prime factors of (-5 - 10)*j/(-10)?
2, 3
Let x = -279 + 453. What are the prime factors of x?
2, 3, 29
Let b = -413 + 699. What are the prime factors of b?
2, 11, 13
Let s(j) = -172*j**2 + 1. Let p be s(-1). Let f be p/(-33) + (-2)/11. Suppose -4 = -2*a + 6, 5*a - f = 2*v. List the prime factors of v.
2, 5
Let h(t) = -t**3 + 1. Let v be h(-1). Suppose 5*z = v*i + 129, 6*z - z + 5*i - 115 = 0. List the prime factors of z.
5
Let a = -95 + 153. What are the prime factors of a?
2, 29
Suppose 0 = -4*x - 0*x + 136. What are the prime factors of x?
2, 17
Suppose -2*t = 4*k - 0*k - 132, 12 = 4*k. What are the prime factors of t?
2, 3, 5
Suppose w - 3*d = 42, -194 = -5*w - 3*d + 2*d. What are the prime factors of w?
3, 13
Let n = 29 + -17. What are the prime factors of 1*((-1 - -2) + n)?
13
Let q(m) = -m - 8. Let a(n) = 5*n + 32. Let c(d) = -2*a(d) - 9*q(d). Let f be c(5). Suppose 2*s - 9 - f = 0. List the prime factors of s.
2, 3
Suppose 2*v + 2*i = -3*v + 342, -3*i - 337 = -5*v. Let g = v - 40. Let y = g + -14. What are the prime factors of y?
2, 7
Let w = -137 + 255. What are the prime factors of w?
2, 59
Suppose 4*y - 108 = y. Let m = y - 24. What are the prime factors of m?
2, 3
Suppose -p = 4*q, q = 5*p + 3*q. Let k = p + 5. Suppose -3*g + k*h + 33 = 12, 5*g + 4*h - 35 = 0. List the prime factors of g.
7
Let a(z) = -z**2 + 5*z + 7. Let f be a(6). Let m be (-1)/(-1)*(-1 + 0). What are the prime factors of (m - (-1)/f) + 2?
2
Let d(c) = -c**3 + 6*c**2 - 2*c + 3. Let s be d(5). What are the prime factors of -1*9*(-6)/s?
3
List the prime factors of 33 - 0 - (-3 + 2)/(-1).
2
Let l = -93 - -131. List the prime factors of l.
2, 19
Suppose -2*l = 2*t, -5*t + 4*l + 36 = -0*t. What are the prime factors of (t/6)/(16/168)?
7
Let u(l) = -l**2 - 5*l + 7. Let n be u(-7). Let t be 4/(-14) + (-72)/n. Suppose -2*s + t - 2 = 0. List the prime factors of s.
2
Let w = 16 - 10. Suppose 15 = w*x - x. What are the prime factors of x?
3
What are the prime factors of (-1 + 9)/((-14)/(-21))?
2, 3
Suppose 4*w = 3*m + 8, 0 = 5*w - 0*w - 3*m - 13. Le